98088.
57
What is the remainder when 27237 is divided by 5332?
577
What is the remainder when 102625 is divided by 986?
81
Calculate the remainder when 27353 is divided by 488.
25
What is the remainder when 88521 is divided by 732?
681
Calculate the remainder when 8672015 is divided by 446.
437
What is the remainder when 643173 is divided by 1772?
1709
What is the remainder when 25300293 is divided by 174?
171
What is the remainder when 972351 is divided by 91?
16
What is the remainder when 207462 is divided by 3448?
582
Calculate the remainder when 5485055 is divided by 2823.
2789
Calculate the remainder when 5012766 is divided by 417723.
90
What is the remainder when 62730920 is divided by 31365442?
36
Calculate the remainder when 14046813 is divided by 12.
9
What is the remainder when 148894 is divided by 258?
28
What is the remainder when 9694147 is divided by 117?
112
What is the remainder when 68973357 is divided by 1180?
1177
What is the remainder when 7760105 is divided by 31?
30
Calculate the remainder when 282879 is divided by 94103.
570
Calculate the remainder when 1466117 is divided by 30.
17
Calculate the remainder when 25077099 is divided by 51.
42
What is the remainder when 2690310 is divided by 448382?
18
Calculate the remainder when 14165032 is divided by 38.
0
What is the remainder when 4181031 is divided by 273?
36
What is the remainder when 2698901 is divided by 1018?
183
Calculate the remainder when 10483 is divided by 1290.
163
What is the remainder when 78668 is divided by 78655?
13
What is the remainder when 52979 is divided by 344?
3
What is the remainder when 72305 is divided by 547?
101
Calculate the remainder when 5120582 is divided by 53.
40
What is the remainder when 72619 is divided by 429?
118
What is the remainder when 25233470 is divided by 88?
86
What is the remainder when 17044413 is divided by 6057?
15
What is the remainder when 358949 is divided by 2719?
41
Calculate the remainder when 66583168 is divided by 161.
8
What is the remainder when 127753888 is divided by 55?
53
Calculate the remainder when 298967 is divided by 1099.
39
Calculate the remainder when 247893620 is divided by 915.
905
What is the remainder when 4250874 is divided by 18482?
14
Calculate the remainder when 604861 is divided by 28779.
502
Calculate the remainder when 17107 is divided by 25.
7
What is the remainder when 13295758 is divided by 2223?
2218
What is the remainder when 1049468 is divided by 1198?
20
What is the remainder when 3042854 is divided by 1932?
1886
Calculate the remainder when 291449 is divided by 1665.
74
Calculate the remainder when 2601635 is divided by 650388.
83
Calculate the remainder when 97132981 is divided by 509.
2
Calculate the remainder when 85156 is divided by 16871.
801
What is the remainder when 286207 is divided by 244?
239
Calculate the remainder when 1612553 is divided by 44791.
77
What is the remainder when 365112 is divided by 1419?
429
Calculate the remainder when 3593040 is divided by 65322.
330
What is the remainder when 10037927 is divided by 7491?
7478
What is the remainder when 4930928 is divided by 546?
2
Calculate the remainder when 2987647 is divided by 4.
3
Calculate the remainder when 139806 is divided by 46444.
474
What is the remainder when 277370 is divided by 3117?
3074
Calculate the remainder when 237925705 is divided by 1756.
1753
What is the remainder when 1634694 is divided by 242?
226
What is the remainder when 62076735 is divided by 163?
141
Calculate the remainder when 36912225 is divided by 25687.
6
Calculate the remainder when 51613233 is divided by 651.
0
What is the remainder when 9151 is divided by 6298?
2853
Calculate the remainder when 689314 is divided by 16812.
22
What is the remainder when 4122608 is divided by 5039?
706
Calculate the remainder when 4908849 is divided by 115.
74
What is the remainder when 28029037 is divided by 13?
10
Calculate the remainder when 21204805 is divided by 4682.
27
Calculate the remainder when 229066 is divided by 14308.
138
Calculate the remainder when 238857230 is divided by 248.
246
Calculate the remainder when 442624 is divided by 16278.
3118
Calculate the remainder when 7960693 is divided by 171.
130
What is the remainder when 10714087 is divided by 46?
43
Calculate the remainder when 242203 is divided by 4316.
507
Calculate the remainder when 148203 is divided by 1054.
643
Calculate the remainder when 2980688 is divided by 745144.
112
Calculate the remainder when 21250316 is divided by 420.
416
Calculate the remainder when 5666046 is divided by 84.
78
Calculate the remainder when 1759518 is divided by 329.
26
Calculate the remainder when 1488522 is divided by 8.
2
Calculate the remainder when 461933926 is divided by 19.
17
What is the remainder when 21595753 is divided by 1881?
1873
What is the remainder when 788045775 is divided by 86?
83
What is the remainder when 23100218 is divided by 124866?
8
Calculate the remainder when 83964 is divided by 9281.
435
Calculate the remainder when 6912469 is divided by 1382490.
19
Calculate the remainder when 1747194 is divided by 24.
18
Calculate the remainder when 499692796 is divided by 4075.
4071
What is the remainder when 44058712 is divided by 108?
4
What is the remainder when 4586253 is divided by 476?
469
What is the remainder when 981862 is divided by 1816?
1222
Calculate the remainder when 49004 is divided by 962.
904
What is the remainder when 212645 is divided by 1162?
1161
Calculate the remainder when 18151255 is divided by 1650114.
1
Calculate the remainder when 3594 is divided by 1093.
315
What is the remainder when 6027533 is divided by 136988?
61
Calculate the remainder when 1864592 is divided by 466148.
0
What is the remainder when 2484774 is divided by 258?
234
What is the remainder when 45838 is divided by 15139?
421
What is the remainder when 674344 is divided by 925?
19
What is the remainder when 32698000 is divided by 29?
7
What is the remainder when 5312148 is divided by 664017?
12
What is the remainder when 591427 is divided by 13441?
23
What is the remainder when 1718915 is divided by 13117?
588
What is the remainder when 15746313 is divided by 204497?
44
What is the remainder when 4452785 is divided by 5608?
33
What is the remainder when 10103415 is divided by 777180?
75
Calculate the remainder when 1209979 is divided by 3040.
59
What is the remainder when 158387 is divided by 1268?
1155
Calculate the remainder when 421321 is divided by 2337.
661
Calculate the remainder when 41735 is divided by 2936.
631
Calculate the remainder when 1106940 is divided by 110693.
10
What is the remainder when 269780970 is divided by 62?
60
Calculate the remainder when 350405 is divided by 350405.
0
Calculate the remainder when 230012 is divided by 114897.
218
Calculate the remainder when 1649367 is divided by 21.
6
Calculate the remainder when 693224 is divided by 39.
38
Calculate the remainder when 10171440 is divided by 137.
12
What is the remainder when 106555 is divided by 35496?
67
Calculate the remainder when 6617069 is divided by 43.
14
What is the remainder when 27013779 is divided by 514?
509
What is the remainder when 15797236 is divided by 348?
124
Calculate the remainder when 134061567 is divided by 4864.
4863
What is the remainder when 36605 is divided by 434?
149
What is the remainder when 109098359 is divided by 8473?
11
What is the remainder when 64169 is divided by 20663?
2180
Calculate the remainder when 4064035 is divided by 496.
307
Calculate the remainder when 3610139 is divided by 4769.
6
What is the remainder when 315376293 is divided by 1027?
1025
Calculate the remainder when 858417 is divided by 831.
825
Calculate the remainder when 314304 is divided by 4689.
141
What is the remainder when 18450723 is divided by 455?
18
Calculate the remainder when 381639308 is divided by 747.
743
What is the remainder when 776218 is divided by 655?
43
What is the remainder when 95513757 is divided by 80?
77
Calculate the remainder when 110748968 is divided by 53168.
24
Calculate the remainder when 945906 is divided by 37829.
181
Calculate the remainder when 488679 is divided by 29.
0
Calculate the remainder when 67905 is divided by 6599.
1915
What is the remainder when 2